11
Let k = -1197 + 2264. Suppose -k = 5*d - 16*d. Let o = -40 + d. What is the greatest common factor of 38 and o?
19
Let s(o) = 14*o**2 + 109*o - 962. Let v be s(10). What is the greatest common divisor of v and 16?
8
Let q(x) = 63*x**2 - 5*x - 10. Let h be q(-3). Suppose 0 = -33*k + 20*k + h. Suppose 2*n - 37 + 15 = 0. Calculate the greatest common factor of n and k.
11
Suppose -4300 = -458*z + 1181 + 931. Let y = 768 - 534. Let h = y - 164. What is the greatest common divisor of h and z?
14
Let w be (-1 + -1)*(-4)/(24/(-57)). Let t be -3 + (w - (-4 - 1)). Let d(b) = 2*b**2 + 34*b + 7. Let l be d(t). What is the highest common factor of 28 and l?
7
Suppose 0 = 7*w - 12*w + 555. Suppose 0 = -5*c + w + 9. Calculate the highest common factor of 3 and c.
3
Suppose 53*g + g = -8*g + 868. What is the greatest common divisor of g and 42?
14
Let i = -3947 + 4596. What is the highest common divisor of 59 and i?
59
Let o be (3 - -7)*(-13)/(-26). Suppose -o*s = -4*v + 761, v - 119 = 4*s + 85. Let m be (5 - 3) + 3*2. What is the highest common divisor of v and m?
8
Suppose 46*x = -4403 + 7439. Calculate the highest common divisor of 3201 and x.
33
Let d(i) = 60*i - 5. Let n = -75 - -76. Let c be d(n). Suppose 3*s = -5*z + 81, 0*z - 6 = -2*z. Calculate the greatest common factor of s and c.
11
Suppose 107*t + 973 = -34*t + 18175. Calculate the greatest common divisor of t and 2501.
61
Let r = 23 + 22. Suppose 30*w + 60*w + 33345 = 129*w. Calculate the greatest common divisor of r and w.
45
Suppose -6*f + 45 = 525. Let u = 79 + f. Let y be (-7 - -5)*38*(-2 - u). What is the greatest common divisor of y and 19?
19
Suppose y - 617 = -4*f, -58*y + 1861 = -55*y + 7*f. What is the greatest common factor of y and 25?
25
Let b(l) = 71*l**2 - 16*l - 27. Let q be b(-4). Suppose -q = -9*c + 528. What is the greatest common factor of 28 and c?
7
Let j(p) = 4*p + 2. Let u be j(3). Let w(r) = 725*r + 3653. Let q be w(-5). What is the highest common divisor of u and q?
14
Suppose p + 537 = 5*a, -2*a - 3*p + 121 + 104 = 0. Suppose -5*v + 4*o = -a - 37, -3*o = -5*v + 150. Calculate the greatest common divisor of v and 55.
11
Let o = -26 - -54. What is the highest common divisor of 1106 and o?
14
Let i(m) = m + 2. Let y(b) = -10*b - 121. Let h be y(-13). Let n be i(h). What is the highest common divisor of 198 and n?
11
Suppose 9*x = -10*x - 2180 + 4650. What is the greatest common factor of x and 4355?
65
Suppose -c + 63 = j - 2, 2*j - 67 = -c. Let m(t) = -t**3 + 7*t**2 + 3*t - 12. Let d be m(8). Let p = c + d. Calculate the greatest common factor of 22 and p.
11
Let h = 1244 - -1700. Calculate the highest common divisor of h and 253.
23
Suppose 9768 = 2*r + 22*r + 20*r. What is the greatest common divisor of r and 14097?
111
Let d(l) = 27*l**2 - 77*l - 163. Let t be d(-2). What is the highest common divisor of t and 4653?
99
Let w be (32/(-10))/(330/(-23925)). Calculate the highest common divisor of 2436 and w.
116
Suppose 3*h - 282 = 3*r, 2 + 8 = -2*r. Suppose -240 = -3*a + 3*k, a + 27 = -5*k + h. What is the highest common divisor of a and 77?
77
Let h = 242 - -426. Let w = 755 - h. Calculate the highest common divisor of 87 and w.
87
Suppose -7*k + 6*k + 138 = -5*m, -2*m + 6 = 0. Calculate the highest common divisor of k and 289.
17
Let a(j) = -9*j + 1000. Let g be a(0). Suppose -14*k + g = 6*k. What is the highest common divisor of k and 10?
10
Let c = -7730 + 8576. Let s be (-5)/10*(1 + -189). What is the highest common factor of c and s?
94
Let d = 1995 + 3301. What is the highest common factor of 16 and d?
16
Let p(h) = -201*h - 1092. Let f be p(-45). Calculate the highest common divisor of f and 11.
11
Let j = 1735 + -1535. Suppose 2*n + 598 = 4*b - 0*n, 5*b - 753 = -3*n. What is the greatest common factor of j and b?
50
Let f be (17 - 21) + (-240)/(-3). Calculate the greatest common factor of f and 44.
4
Let r be 8/2 - (0 - -2). Suppose -153*f + 24358 = 488*f. What is the greatest common factor of r and f?
2
Let f be (-9 + 6)/(18/1020). Let u = 6 - f. Calculate the greatest common factor of u and 16.
16
Let c(p) = 81*p - 2610. Let s be c(34). Calculate the highest common factor of s and 116.
4
Let g(w) = w**2 + 101*w + 465. Let o be g(-103). Calculate the greatest common factor of 33 and o.
11
Let a(b) = 21*b**2 + 4*b - 5. Let d be a(-4). Let c = 151 - 152. Let h(p) = -48*p - 3. Let y be h(c). What is the highest common divisor of d and y?
45
Suppose -5 = -12*s + 67. Let y be 0 + (0 - -60 - (2 - s)). Calculate the highest common divisor of y and 2.
2
Suppose -656 = 4*y - 12*y. Let j = 86 - y. Suppose 2*b = 3*b - j*p - 7, -4*b + 3*p + 41 = 0. What is the greatest common factor of 1 and b?
1
Suppose -13*i - 598 = -59*i. Calculate the greatest common factor of i and 4693.
13
Let c = 32 - -1. Suppose -c = -9*x + 21. Calculate the highest common divisor of x and 36.
6
Let y = -2 + 18. Let n be 1/((y/4)/84). Let v(l) = -l**3 + l**2 + 2*l + 21. Let t be v(0). Calculate the greatest common factor of n and t.
21
Suppose -1414*n + 1417*n - x = 6997, 0 = -5*x - 20. What is the highest common divisor of n and 370?
37
Suppose -4*c = -5*z + 63, 8*c = z + 3*c. Let x(a) = -a + 31. Let n be x(z). Suppose 22*j - 42 = n*j. What is the greatest common divisor of j and 35?
7
Let y be 4160 + -1 + (-3)/(12/8). Suppose 15*o = y - 287. Calculate the greatest common factor of o and 2.
2
Let r(s) = -12*s**3 - s**2 + s + 1. Let a be r(-1). Let o(p) = -7356*p - 51151. Let y be o(-7). Calculate the greatest common divisor of y and a.
11
Suppose -4*p = -q - 12, q + 4*q = -5*p + 40. Let y = -20 + 20. Suppose -4*z + 28 + 148 = y. What is the highest common divisor of q and z?
4
Let c = 20271 - 19234. Calculate the greatest common divisor of 732 and c.
61
Let v = 173396 - 173361. Let s(b) = 2*b**3 - 2*b**2 + 2*b - 2. Let j be s(2). Calculate the greatest common factor of j and v.
5
Suppose -219 = -16*y - 27. Let w be 15*y/90*65. What is the greatest common factor of w and 60?
10
Let k = 13 + -10. Suppose -115 = -7*m - k. Calculate the greatest common divisor of m and 176.
16
Suppose 2*b - 23 = -l, -2*b + b + 5*l = -17. Let u be 8 - 0 - (b - 10). Let p be -2*(3 - u) + 5. What is the greatest common divisor of p and 99?
11
Suppose -4*q + 40 = -0*q. Suppose 11*u = 20*d - 15*d + 170, 0 = -5*u - d + 74. Calculate the greatest common divisor of q and u.
5
Let y(x) = 9*x**2 - 549*x + 76. Let c be y(83). Calculate the greatest common divisor of c and 130.
130
Let l(d) = d + 7. Let c(j) = j**3 - 2*j**2 - j + 5. Let a be c(3). Let p be l(a). Let m be 6/(-1*(-4 - -2)). What is the greatest common factor of m and p?
3
Let f = -10074 + 10300. What is the greatest common factor of f and 11413?
113
Suppose -86 = 7*z - 149. Let f = -35 - -38. Suppose -f*m - 27 = -4*m. Calculate the greatest common factor of z and m.
9
Let k(r) = -255*r**2 + 254*r**2 - 2 - 3 - 11*r. Let s be k(-6). Suppose -9*g + s = -20. What is the greatest common factor of 15 and g?
5
Let i be (-21840)/(-25)*(-70)/(-21). Calculate the greatest common divisor of i and 455.
91
Let s(f) = 13*f + 113. Let l(w) = -30*w + 22. Let c be l(1). Let q be s(c). Calculate the highest common divisor of q and 657.
9
Let u be 19/(((-234)/(-77) - 3)*175/150). Calculate the highest common factor of 616 and u.
22
Suppose 0 = -4*b + 5 + 179. Suppose 5*l - 8*l - 5*a = -197, -4*l = 4*a - 268. Calculate the highest common factor of b and l.
23
Let p be (-129)/4 - 4/(-16). Let x = 88 - p. Suppose 0 = 3*q + 9, 36 = 2*h + q - 3*q. What is the greatest common factor of x and h?
15
Suppose -3*u = 4*d - 5*u - 280, 5*d - 380 = -5*u. Suppose -73 = -21*f + 89 + 6. Calculate the greatest common divisor of f and d.
8
Let a = 2743 - 2658. Calculate the highest common factor of 119 and a.
17
Suppose 7*u - 4*a - 120 = 3*u, 132 = 3*u + 4*a. Calculate the greatest common divisor of 1182 and u.
6
Suppose 0 = 2*j, -2*j = -4*f + f + 153. Let a = 2825 - 2383. Calculate the highest common factor of f and a.
17
Let r(x) = -x**2 + 18*x + 42. Let c = -85 + 101. Suppose -m = -c - 2. Let p be r(m). Calculate the highest common factor of 6 and p.
6
Let c(h) = h**3 - 59*h**2 - 2098*h - 69. Let u be c(84). Calculate the highest common factor of 153 and u.
9
Suppose 0 = -17*k + 22*k + d -